 = 103, -4*j - 515 = -5*q. What is the greatest common factor of q and 2369?
103
Suppose -10*p + 64 - 54 = 0. Calculate the highest common divisor of p and 49.
1
Let t(d) = -20*d - 529. Let c be t(-27). Calculate the highest common divisor of c and 583.
11
Let v = 30 + -28. Suppose 0 = -3*n + 4*t + 88, -v*t = 3*n + 47 - 147. What is the highest common factor of 4 and n?
4
Let y be -5 - (-70)/(-21)*(-84)/35. Suppose -3*v + 120 = 2*v. What is the highest common divisor of y and v?
3
Let h(q) = -2*q**3 - 20*q**2 + 9*q - 14. Let x be h(-14). Suppose 0 = -27*g - x + 4587. Let r = 29 + -16. What is the greatest common factor of g and r?
13
Suppose 14*t = 7*t + 4032. What is the highest common divisor of 16 and t?
16
Let b be (1 - (-9)/(-5))/(56/560). Let i(v) = -5*v - 14. Let k be i(b). Calculate the highest common divisor of 78 and k.
26
Let j be -26 + 20/5 + 1. Let b be (-4188)/j - (-4)/7. What is the highest common divisor of 40 and b?
40
Let w(k) = 15*k + 17. Let a be w(-1). What is the greatest common divisor of a and 18?
2
Let k(f) = -f**3 - 4*f**2 + 9*f + 3. Let d be k(-6). Suppose 4*n + 5*j - 66 = -0*j, -38 = -3*n + 2*j. Calculate the greatest common divisor of n and d.
7
Let s(p) = -3*p + 7. Let n(i) = -i - 13. Let v be n(-5). Let u be s(v). What is the highest common divisor of 93 and u?
31
Let d = -708 + 1218. Let b = d - 290. Calculate the highest common factor of 20 and b.
20
Let j(t) = -2*t**3 + 4*t**2 - 2*t - 1. Let m be 55/25 + 2/(-10). Let w be j(m). Let b = w + 25. Calculate the highest common factor of b and 5.
5
Suppose 0 = 11*a - 705 + 133. Calculate the highest common factor of a and 13.
13
Suppose 18*y = -13*y + 620. Calculate the highest common factor of y and 90.
10
Let g = 9 - 5. Suppose -u = g*u - 600. Suppose 4*j = -0*j + u. What is the greatest common divisor of j and 10?
10
Let b = -30 - -43. Suppose 0 = 5*r + 13*r - 468. What is the highest common factor of b and r?
13
Let g = -1138 - -1233. What is the highest common divisor of g and 25?
5
Let v be ((-2)/5)/(4/(-200)). Let t(j) = 38*j - 46. Let b be t(7). What is the greatest common factor of b and v?
20
Let r = -7 - -16. Suppose -o = 4*s - 103, -2*s - 162 = -2*o + s. Suppose o = -5*u + 222. What is the highest common factor of r and u?
9
Let z be -20*(-19 - (-5 - -11)). Calculate the highest common factor of z and 300.
100
Let p be 430/(-172)*(-992)/10. Calculate the greatest common divisor of 62 and p.
62
Suppose 3 + 5 = -2*f. Let l be (-1)/f + (-1148)/(-16). What is the highest common divisor of 8 and l?
8
Suppose -60*x = -72*x + 888. Calculate the greatest common divisor of 6 and x.
2
Let l(v) = -20*v - 197. Let i be l(-10). Calculate the highest common factor of 156 and i.
3
Suppose 2*j = 7 - 1. Suppose -2*c = 2*y - 80, c + j*c - 5*y = 196. Suppose -4*n = 5*x - 19, -8 = -3*x - 23. What is the greatest common divisor of n and c?
11
Let g be (21/63)/(1/18). Suppose -8*v + g*v = -2. Calculate the greatest common divisor of v and 8.
1
Let p = 6 - 2. Suppose -4*v - 4 + 12 = 2*w, 2*w = p*v - 8. Suppose c + 1 = v*c. What is the greatest common factor of 5 and c?
1
Let x(w) = 5*w**3 - 5*w**2 + 6*w - 4. Let s be x(2). Let o be (-2)/10 - 702/(-10). Calculate the greatest common divisor of s and o.
14
Let b(c) = -48*c - 520. Let y be b(-12). What is the highest common factor of 182 and y?
14
Let z(p) = 2*p**3 - 9*p**2 - 3*p + 2. Let a be z(5). Calculate the greatest common factor of 36 and a.
12
Suppose h = s - 2721, -6*h + 10909 = 4*s - 5*h. Calculate the highest common factor of s and 58.
58
Let r be 80/30 + 2/6. Suppose -r*n = -4*b - 8, -n + 2*b + 16 = 4*b. Let m be (2/n)/((-8)/(-736)). Calculate the greatest common divisor of 115 and m.
23
Let h(b) = 2*b - 19. Let u be h(10). Let v be u*(-2 + (3 - -119)). What is the highest common divisor of v and 30?
30
Suppose 0 = 14*f - 10*f - 16. Suppose -s = -f*m + 140, 2*m = 3*s + 2*s + 70. Calculate the highest common divisor of m and 7.
7
Suppose -2653*l = -2649*l - 156. Calculate the highest common divisor of l and 13.
13
Let n(a) = -3*a + 8. Suppose -2*b - 4*i = 16, 3*b + 23 = -b + i. Let d be n(b). Calculate the greatest common divisor of d and 78.
26
Let l(r) = 3*r + 69. Let c be l(-13). What is the greatest common divisor of c and 135?
15
Let u(o) = -2*o**2 - 40*o - 134. Let i be u(-13). Calculate the highest common factor of 30 and i.
6
Suppose -48 = -4*a - 5*v, -5*a + v - 8 = -68. Let g(b) = -96*b**3 - b**2 + 1. Let m be g(-1). Calculate the greatest common divisor of m and a.
12
Let r = -21 - -46. Suppose 2*d + 3*a = -0*a - 1, -4*d = -3*a - r. Suppose 0 = d*v - 7*v, 0 = 5*t + 5*v - 15. Calculate the greatest common divisor of t and 15.
3
Suppose -5*n + 15 + 30 = 0. Let s(x) = -3*x**3 + 72 - x**3 + 5*x**3. Let b be s(0). What is the highest common factor of n and b?
9
Let m = -233 + 475. Let a = 14 - -2. Let o(z) = z**2 - 13*z - 26. Let u be o(a). Calculate the greatest common divisor of u and m.
22
Let w = 106 - 24. Suppose w + 43 = 5*h. What is the highest common factor of 10 and h?
5
Suppose 8*a - 20 = -v + 11*a, 0 = -2*v + 2*a + 40. Calculate the highest common factor of v and 1180.
20
Let t(c) = -3*c**2 - 92*c - 2. Let o be t(-30). Let s be (-9756)/(-42) + (-4)/14. What is the highest common divisor of o and s?
58
Let a = 1295 - 567. Calculate the highest common factor of 104 and a.
104
Let y(p) be the second derivative of 2*p**3/3 - 15*p**2/2 + 9*p. Let t be y(6). What is the highest common factor of 117 and t?
9
Suppose 2*k - 25*k + 667 = 0. Calculate the greatest common factor of 3683 and k.
29
Let d be (132/(-10))/(3/(-20)). Suppose 0 = -3*c + b + 61, -2*c + 7*b = 8*b - 49. Calculate the highest common divisor of c and d.
22
Let t(s) = -s + 9. Let v be t(5). Suppose v*q - 8 = 4. Suppose -q*c = -4*o + 575, 0*c + 5*c + 5 = 0. What is the highest common factor of 13 and o?
13
Let i(d) = 8*d + 12. Let r be i(5). Let h be 1*r/(-8)*-20. Suppose -h = -4*v + 398. What is the greatest common factor of v and 22?
22
Suppose 4*i - 65 = -3*x, -6*x = -i - x - 1. What is the highest common factor of i and 406?
14
Let i be (23/(-3))/((-11)/33). Let h = 30 - i. Let m be (-3 - -2) + h + 183. Calculate the highest common factor of 21 and m.
21
Let r(p) = 2*p**3 - 11*p**2 - 2*p - 2. Let f be r(6). What is the greatest common divisor of f and 704?
22
Suppose -b + 687 = 3*f, -5*f + 1 = 26. Suppose -b = -4*c - 5*c. What is the greatest common factor of 26 and c?
26
Suppose -5*v = -s - 179, -v = -6*v - 4*s + 184. Suppose 17 + 11 = 2*j - 5*c, 2*j - 3*c = 24. Let y = j - -3. Calculate the greatest common divisor of y and v.
12
Let b be (29 + 10/10)*5/3. What is the greatest common factor of b and 550?
50
Let o = 313 - -12. What is the highest common divisor of 52 and o?
13
Let k(r) = r**2 + 36*r + 290. Let m be k(-28). Calculate the greatest common divisor of m and 374.
22
Let p(z) = z**2 - 12*z - 32. Let a be p(12). Let f be a/(-144) - (1 + 3776/(-18)). Calculate the greatest common divisor of f and 19.
19
Suppose 1 = 4*x - 11. Suppose 5*l + 2*w - 67 = -9, -l - x*w = -9. Let p(v) = v**3 + 4*v**2 + 4. Let r be p(4). Calculate the greatest common factor of r and l.
12
Let o(t) = -40*t - 707. Let z be o(-47). What is the greatest common divisor of 51 and z?
51
Let j be ((-3)/6)/((-3)/768). Suppose 5*n = 13*n - j. Calculate the highest common divisor of 128 and n.
16
Suppose j + 4*h + 48 = -3*j, 4*j = 5*h - 39. Let r = j - -35. Suppose -r = -c - 0*c. What is the highest common factor of c and 12?
12
Let o = 871 - 651. What is the highest common divisor of o and 176?
44
Suppose 2*t = 2*i + 5*t - 460, 3*i + 4*t - 688 = 0. Let l be (-28)/5*(-1 + -4). What is the greatest common divisor of l and i?
28
Let t = 25 - 25. Suppose t*v + 629 = 5*v - 3*u, -2*u - 626 = -5*v. What is the greatest common factor of 31 and v?
31
Suppose -282 - 6 = 3*g. Let b be 1321/6 - 80/g. What is the greatest common factor of 13 and b?
13
Let q be 3/((-1)/3*-3). Let s(t) = -3 - 3*t + 19*t**2 - t**2 - 2*t + 3*t. Let n be s(q). Calculate the highest common divisor of n and 17.
17
Let x(n) = -n**2 + 15*n - 26. Let r be x(12). Let s be 1*154/r - (-2)/(-5). Calculate the highest common factor of 10 and s.
5
Let h be -15*(-40)/30 + -4. Calculate the greatest common divi